ose 3*y - w*y = -339. List the prime factors of y.
113
Suppose 0 = -30*p - 375 + 4155. List the prime factors of p.
2, 3, 7
Let h(m) = -2*m**2 + 2*m - 15. Let r be h(0). What are the prime factors of 132 - ((-9)/r + (-48)/(-20))?
3, 43
Let a(u) = u**2 + 14*u + 6. Let v be a(-12). Suppose 5*j = -2*f - 32, 4*j + 2*f + 3 + 23 = 0. List the prime factors of v/(-15)*(-140)/j.
2, 7
Let s = -247 + 443. What are the prime factors of s?
2, 7
Let a(u) = -15*u**3 - 5*u**2 + 17*u + 27. What are the prime factors of a(-5)?
2, 3, 47
Let i = 9 + 13. Suppose 17*z = i*z - 255. What are the prime factors of z?
3, 17
Let i(b) = -17*b - 1. Let p = -19 + 27. Suppose p - 9 = w. List the prime factors of i(w).
2
Suppose 0*s = b + s - 1, 5*b + 2*s - 8 = 0. Suppose 13 = b*p + 1. List the prime factors of p.
2, 3
Suppose 0 = -5*h + 2*r + 14, h - 5*r - 8 = -2*r. Let w be h/(-8)*10*-2. Suppose 0 = -o + w*o - 128. What are the prime factors of o?
2
Let u(x) be the third derivative of 2*x**5/15 + x**3/3 - 4*x**2. Let p(y) = 2*y - 2. Let n be p(2). List the prime factors of u(n).
2, 17
Let g be 2 + 1 + (-5)/(-5). Suppose -4*o = -2*v - 8, -2*o + 8 + 6 = g*v. Suppose -20 = d - o*d. What are the prime factors of d?
2, 5
Suppose 2*m - 710 - 1470 = 0. Suppose 11*n - m = n. What are the prime factors of n?
109
Suppose -3*j = 3*a - 6414, -5*a + 2*j = -7469 - 3249. What are the prime factors of a?
2, 3, 7, 17
Suppose 3*j = 2*j + 3*a, -11 = -5*j + 4*a. Suppose -5 = -x - j. Suppose -v - 3*t = -24, 0 = -x*v - 2*t - 2*t + 38. What are the prime factors of v?
3
Let s(n) = 3*n - 5*n - n**3 + 6*n**3 - 6*n**3 + n**2. Let z be (-3 + 0)/(-11 + 12). List the prime factors of s(z).
2, 3, 7
Let k be ((3/(-2))/3)/((-3)/24). List the prime factors of 3 + (-10)/k + (-82)/(-4).
3, 7
Let q be 564/(-14) - ((-16)/7 + 2). What are the prime factors of (q/(-15) + 0)*15?
2, 5
Let h = -31 + 35. Suppose -h*t = -11 - 137. What are the prime factors of t?
37
Suppose -4*u - 30 = 50. Let c = u + 57. List the prime factors of c.
37
Let q(c) = -17*c - 11. Let v(h) = 8*h + 5. Let p(x) = 4*q(x) + 9*v(x). Let y be p(-1). What are the prime factors of 3/(9/y) - -13?
2, 3
Let x(f) = -f**3 + 3*f**2. Let b be x(2). Let g be (-6 - -18)/(1/2). Suppose -p + v + 15 = 0, 0 = -p + 3*p + b*v - g. List the prime factors of p.
2, 7
Let h(m) = 3*m + 56 - 20 - 19. Let o = 6 - -5. What are the prime factors of h(o)?
2, 5
Let j(w) = -9*w**3 + w + 4. Let c be j(-4). Suppose 13*v - c = 7*v. List the prime factors of v.
2, 3
Let j be (-86)/6 + (-7)/(-21). Let v = j - -10. What are the prime factors of 33/7 + v/(-14)?
5
Let z(f) = 8*f**2 - 7*f + 164. List the prime factors of z(16).
2, 3, 5, 7
Let q = 1 + 5. Let f = -5 + q. Suppose -11 = -4*k + f. What are the prime factors of k?
3
Let s(o) = 5*o**3 - 4*o**2 + 2*o + 2. Let t be s(2). Let g = t + -26. Suppose 59 = g*v - 33. What are the prime factors of v?
23
What are the prime factors of ((-859)/3)/(11/(-66))?
2, 859
Let x(s) = 185*s + 119. What are the prime factors of x(24)?
47, 97
Let c(m) = -2*m + 4. Let q be c(0). Suppose q*u - 56 = 44. What are the prime factors of u?
5
Suppose 0 = 3*p + 5*u - 111, -5*u + 175 = 5*p - 0. Let w = p - 29. What are the prime factors of w?
3
Let l be (-24)/28*-191 - 2/(-7). Let a = 277 - l. List the prime factors of a.
113
Let z(r) = -r**2 + 10*r + 6. Let f be z(10). Suppose -f*b + 2*b = -112. Suppose 0 = 2*d - 2*w - b, -6*d + 70 = -d - 3*w. What are the prime factors of d?
2, 7
Suppose 7*y = 4*m + 3*y - 9508, 4770 = 2*m + 2*y. What are the prime factors of m?
2381
Suppose x = -2*x + 9. Suppose x*o = 24 + 48. Suppose -r + 3*i + 90 = 2*r, -r - 5*i + o = 0. List the prime factors of r.
29
Let s be 0/1*7/(-28)*4. Suppose -3*n + k = -s*k - 397, 0 = -4*k + 8. List the prime factors of n.
7, 19
Suppose 5*j - 1590 = -2*n, 33*j - 1590 = -2*n + 37*j. What are the prime factors of n?
3, 5, 53
Let u(h) = -h**2 - 9*h + 5. Let m be u(-5). Let c = 74 - m. List the prime factors of c.
7
Let a(h) = h**3 - 13*h**2 + 11*h - 24. Let p be (-816)/(-56) - (-4)/(-7). What are the prime factors of a(p)?
2, 163
Let s = 230 - 173. What are the prime factors of s?
3, 19
What are the prime factors of ((-2)/2)/((-10)/(-35850)*-5)?
3, 239
Let s = -32 + 32. Suppose s = 3*i - c - 175, 4*i - 3*i = -3*c + 55. List the prime factors of i.
2, 29
Suppose 0 = -67*k + 70*k - 4485. What are the prime factors of k?
5, 13, 23
Let r(p) = 8*p**2 - 33*p - 64. List the prime factors of r(-20).
2, 13, 73
Let r be (-1 + -8)*(-1 - -12). Let x be (8/12)/(3/r). Let i = 9 - x. What are the prime factors of i?
31
Suppose -4*i = i - 75. List the prime factors of (-18)/(-4)*140/i.
2, 3, 7
List the prime factors of (-21)/(-9) - 2 - 33770/(-66).
2
Let b = 745 - 410. Suppose 106 - b = -2*r + n, 2*n = 5*r - 570. List the prime factors of r.
2, 7
Suppose 26039 + 3431 = 14*h. List the prime factors of h.
5, 421
Let r(l) = 2*l**3 + 4*l**3 + 20*l - 17*l**2 + 4 - 13 - 5*l**3. What are the prime factors of r(16)?
5, 11
Let w(z) = 871*z - 83. List the prime factors of w(1).
2, 197
Let l(t) = -5*t + 7. Let f be l(-13). Suppose 5*x - 3*x = -f. Let r = -18 - x. List the prime factors of r.
2, 3
List the prime factors of 3/((-1716)/(-1698) - 1).
283
Suppose 5*r - 3188 = -f, 9*r = 2*f + 6*r - 6324. List the prime factors of f.
2, 3, 11
Suppose -d = -7*d + 798. List the prime factors of (d/14)/(1/10).
5, 19
Let m = 45 + 78. Let w = -52 + m. What are the prime factors of w?
71
Let a be (-22)/(-6) - (-4)/(-6). Let u(t) be the third derivative of t**6/120 - t**5/30 + 5*t**4/24 - t**3/2 + 13*t**2. List the prime factors of u(a).
3, 7
Let n(z) be the second derivative of -2*z**3 - 13*z**2/2 + 8*z. What are the prime factors of n(-13)?
11, 13
Let l be (-58)/(-18) + 6/(-27). Suppose -y + 3 = -k, -2*y + l = -5*k - 0. What are the prime factors of (13 - 3)/(k + 1)?
5
Suppose -g - 3*j + 9 = 0, -4*g + 2*j = -g + 6. Suppose -q - 11 = -5*n, 5 + 8 = 5*n - 3*q. Suppose -n*r - r + 39 = g. List the prime factors of r.
13
Suppose 0 = -14*n + 24176 - 2028. List the prime factors of n.
2, 7, 113
Let n be 17/6 + (-2)/(-12). Suppose n*d - 4*q = 2*d + 18, 0 = -4*d - 3*q - 4. Suppose -2*a + 3*w + 6 = -102, -d*a + 128 = 2*w. What are the prime factors of a?
2, 3, 5
Let s be (-4)/(-4) - 26 - -2. Let y = 26 + s. Let g(c) = 7*c**2 - 3*c + 3. List the prime factors of g(y).
3, 19
Let z be (-3)/12 - (-163)/(-4). Let u = z + 71. What are the prime factors of u?
2, 3, 5
Let o(z) = z**2 + 10*z - 10. Let l be o(-12). Let d = 1 + -1. What are the prime factors of d + 2 + -3 + l?
13
Let r = -877 - -1399. List the prime factors of r.
2, 3, 29
Suppose -2*w - 110 = -q, -4*w - 20 + 500 = 5*q. What are the prime factors of q?
2, 5
Suppose 2*b - b - 14 = 4*y, 0 = -y + b - 5. What are the prime factors of -57*-3*(-1)/y?
3, 19
Let t = 101 - -91. List the prime factors of (t/(-10))/((-5)/25).
2, 3
Let d(y) = -34 - 7 - 14 + 10 + 24*y. List the prime factors of d(7).
3, 41
Let k(c) = 13*c**2 - c + 2. Let a = -37 + 16. Let n = -19 - a. What are the prime factors of k(n)?
2, 13
Let n(t) = -54*t - 106. List the prime factors of n(-19).
2, 5, 23
Let t = 11 - 6. Let d(l) = l**2 - 3*l + 9. What are the prime factors of d(t)?
19
Let n(t) = -t**3 - t**2 + 4*t + 14. Let m be n(-7). Suppose 0*b = 5*b - m. What are the prime factors of b?
2, 7
Let u = 49 + -89. What are the prime factors of 11/(((-25)/u)/5)?
2, 11
Suppose -v + 303 = -0*v + 2*c, -c = -3*v + 874. Suppose -5*r = z - 72, -3*r + 12 = 4*z - v. Let d = z - 25. What are the prime factors of d?
2, 13
Suppose -2*g - 5*t + 35 = 0, -5*g + 4*t = 5*t - 30. Suppose 2*o + 4*w + 10 = 0, o + 3*w - g = -w. List the prime factors of (28/6)/((-5)/o).
2, 7
Let b(w) = -w - 8. Let v be b(-8). Suppose v = -3*f - o + 296, -f = 4*f + 3*o - 500. List the prime factors of f.
97
Suppose -8234 = -45*v + 3556. What are the prime factors of v?
2, 131
Let l(x) = x**2 + 19*x - 10. Let f be l(-10). Let v = 221 + f. What are the prime factors of v?
11
Suppose -377 = 2*t - 117. Let k = 80 + t. List the prime factors of k*3/12*-2.
5
Suppose -5*v - 774 = -274. Let k = v + 256. List the prime factors of k.
2, 3, 13
Suppose -x + 4*x - 2 = 4*t, 2*x - 2*t - 2 = 0. Suppose 0*f + 3*f + 188 = -2*m, x*f + 104 = 4*m. List the prime factors of (-15)/2*f/9.